{"id":129,"date":"2024-08-01T09:45:01","date_gmt":"2024-08-01T07:45:01","guid":{"rendered":"https:\/\/moncollege-valdoise.fr\/?page_id=129"},"modified":"2024-12-24T11:12:43","modified_gmt":"2024-12-24T10:12:43","slug":"athena","status":"publish","type":"page","link":"https:\/\/moncollege-valdoise.fr\/index.php\/athena\/","title":{"rendered":"Ath\u00e9na"},"content":{"rendered":"\n<p>ATHENA est le nom du nouveau\u00a0syst\u00e8me d\u2019information qui prend la suite du syst\u00e8me R\u00e9seau unifi\u00e9, avec de nouveaux services associ\u00e9s.<br>Le d\u00e9ploiement d\u2019ATHENA est \u00e9chelonn\u00e9 de septembre 2024 \u00e0 juin 2027. A chaque rentr\u00e9e scolaire une liste des coll\u00e8ges basculant dans l\u2019ann\u00e9e sera diffus\u00e9e.<\/p>\n\n\n\n<p>Le syst\u00e8me d\u2019information est l\u2019environnement informatique qui permet la gestion de l\u2019ensemble du mat\u00e9riel num\u00e9rique (administratif et p\u00e9dagogique) de chaque \u00e9tablissement.<\/p>\n\n\n\n<p><strong>Coll\u00e8ges concern\u00e9s :<\/strong><\/p>\n\n\n\n<figure class=\"wp-block-table\"><table class=\"has-fixed-layout\"><tbody><tr><td>ARGENTEUIL<\/td><td><strong>Paul Vaillant Couturier<\/strong><strong><\/strong><\/td><\/tr><tr><td>CERGY<\/td><td><strong>Caroline Aigle<\/strong><strong><\/strong><\/td><\/tr><tr><td>HERBLAY<\/td><td><strong>Georges Duhamel<\/strong><strong><\/strong><\/td><\/tr><tr><td>MENUCOURT<\/td><td><strong>Frania&nbsp; Einsenbach Haverland<\/strong><strong><\/strong><\/td><\/tr><tr><td>OSNY<\/td><td><strong>Marie Jos\u00e9 Perec<\/strong><strong><\/strong><\/td><\/tr><tr><td>PERSAN<\/td><td><strong>Georges Brassens<\/strong><strong><\/strong><\/td><\/tr><tr><td>PERSAN<\/td><td><strong>Suzanne Lenglen<\/strong><\/td><\/tr><tr><td>PONTOISE<\/td><td><strong>Jean Claude Chabanne<\/strong><\/td><\/tr><tr><td>SOISY-SOUS-MONTMORENCY<\/td><td><strong>Descartes <\/strong><\/td><\/tr><\/tbody><\/table><\/figure>\n\n\n\n<p>.<\/p>\n","protected":false},"excerpt":{"rendered":"<p>ATHENA est le nom du nouveau\u00a0syst\u00e8me d\u2019information qui prend la suite du syst\u00e8me R\u00e9seau unifi\u00e9, avec de nouveaux services associ\u00e9s.Le d\u00e9ploiement d\u2019ATHENA est \u00e9chelonn\u00e9 de septembre 2024 \u00e0 juin 2027. A chaque rentr\u00e9e scolaire une liste des coll\u00e8ges basculant dans l\u2019ann\u00e9e sera diffus\u00e9e. Le syst\u00e8me d\u2019information est l\u2019environnement informatique qui permet la gestion de l\u2019ensemble [&hellip;]<\/p>\n","protected":false},"author":1,"featured_media":0,"parent":0,"menu_order":0,"comment_status":"closed","ping_status":"closed","template":"","meta":{"_acf_changed":false,"footnotes":""},"class_list":["post-129","page","type-page","status-publish","hentry"],"acf":[],"_links":{"self":[{"href":"https:\/\/moncollege-valdoise.fr\/index.php\/wp-json\/wp\/v2\/pages\/129","targetHints":{"allow":["GET"]}}],"collection":[{"href":"https:\/\/moncollege-valdoise.fr\/index.php\/wp-json\/wp\/v2\/pages"}],"about":[{"href":"https:\/\/moncollege-valdoise.fr\/index.php\/wp-json\/wp\/v2\/types\/page"}],"author":[{"embeddable":true,"href":"https:\/\/moncollege-valdoise.fr\/index.php\/wp-json\/wp\/v2\/users\/1"}],"replies":[{"embeddable":true,"href":"https:\/\/moncollege-valdoise.fr\/index.php\/wp-json\/wp\/v2\/comments?post=129"}],"version-history":[{"count":1,"href":"https:\/\/moncollege-valdoise.fr\/index.php\/wp-json\/wp\/v2\/pages\/129\/revisions"}],"predecessor-version":[{"id":130,"href":"https:\/\/moncollege-valdoise.fr\/index.php\/wp-json\/wp\/v2\/pages\/129\/revisions\/130"}],"wp:attachment":[{"href":"https:\/\/moncollege-valdoise.fr\/index.php\/wp-json\/wp\/v2\/media?parent=129"}],"curies":[{"name":"wp","href":"https:\/\/api.w.org\/{rel}","templated":true}]}}